 - -65).
-5
What is 30 + -70 - (-21 - 6)?
-13
What is the value of 2 - (-21 - -1) - (-13 + 30 - 13)?
18
Evaluate (5 - -30) + -6 - (14 - 4).
19
What is the value of 2 + -35 + 41 + -12 + -1?
-5
Evaluate 37 + -38 + (0 - -5).
4
Calculate -23 - (-16 - (7 - 8) - -4).
-12
What is the value of (3 - 7) + -22 + 17?
-9
-8 + (72 - 33 - 43) + 10 + -1
-3
Evaluate 12 + 37 + (29 - 44).
34
-3 - (1 - 0 - (-29 + (-23 - -43)))
-13
Evaluate -5 + 4 + -14 - -15.
0
Calculate (16 - 11 - 17 - -11) + -33.
-34
Calculate 13 - (9 - -46) - -2.
-40
Evaluate -10 + 1 + -4 + (-270 - -270).
-13
Evaluate 23 - (-4 - -6) - 42.
-21
Calculate -2 + -7 + -10 + -1.
-20
Evaluate 9 - (19 + (6 - (6 - -3 - 3))).
-10
What is the value of -3 + 17 - (-46 + 129 + -34)?
-35
Calculate (7 - 23) + -2 + 27.
9
Evaluate 13 - (5 + 7 + -16 - 5).
22
What is -16 - 33 - (17 + -37)?
-29
Evaluate 7 + (11 + 1 - (91 + -83)).
11
Evaluate 52 + (16 - 39) - 12.
17
11 + (-6 - -2 - 1) + 5
11
3 - 0 - (6 - (1 - 8))
-10
What is the value of (-271 - -281) + 0 + -17?
-7
0 - ((-5 - -2) + -11 + 12)
2
114 + -108 - (0 - 7)
13
Calculate (-8 - (-3 - 0)) + (100 - 101).
-6
What is the value of 15 + -30 + 32 - 32?
-15
Calculate -16 - (-7 - (-7 + 5) - 32).
21
Evaluate (-627 - -644) + (-1 - 4).
12
-28 + (-20 - -33 - -21)
6
What is the value of (-33 - -12) + 1 + (3 - -3)?
-14
What is 14 + -4 + -15 - 1?
-6
What is the value of -1145 + 1112 - (1 + 0)?
-34
What is the value of 26 - (29 - (9 - -6))?
12
What is the value of 4 - (-11 + 14) - -5 - (-18 - 3)?
27
What is (8 + -20 - -6) + (5 - -24)?
23
What is -3 + 4 + (-9 - (-7 - 0))?
-1
Calculate 1 + 12 + 0 + (54 - 145) + 81.
3
Calculate 2 + 1 + 17 + -26 + -1 + -11.
-18
Evaluate 9 + -3 + -1 - (0 - -2 - -13).
-10
What is (-16 - -26) + (-6 - (2 - 3))?
5
What is (34 - (9 - -18)) + -29?
-22
Evaluate -3 + (14 - -1) + -21.
-9
Evaluate (-1 + 58 - (23 + -4)) + -17.
21
Calculate (-6 - (-2 + -6)) + 8.
10
Evaluate -1 - (-2 + (10 - 9)).
0
Calculate -13 + (37 - 22) + (-17 - -1).
-14
What is -21 + (60 - 3) - 22?
14
Evaluate 6 + (-14 - -10) - (-1 - -6).
-3
What is -9 + 4 + (-2 - -10) + 7?
10
Calculate -19 + 3 - (-109 - -91).
2
What is the value of (966 - 963) + -1 + 20?
22
Evaluate 38 + -28 + -16 + -2 + 12 + -2.
2
What is (15 - (27 - 11)) + 0 + 4 + -13?
-10
Calculate 64 + -73 - (-3 + -2).
-4
Calculate 4 - (-4 + -1 + 20).
-11
7 - (73 + -91 - (-2 + 11))
34
What is 4 + (12 - 18 - (3 + -8 + 0))?
3
-1 - -6 - (38 + 1 - 16)
-18
Calculate 2 - (-1 - 2) - (4 - (7 - 10)).
-2
What is 2 - (-1 - (-12 + 1 + 54 + -59))?
-13
What is the value of (27 - (-44 + 117)) + 37?
-9
19 + 1 + 420 + -448
-8
Calculate (-4 - -3 - -16) + -6 + -12.
-3
What is the value of -11 - ((-2 - (-3 + 14)) + 7)?
-5
Calculate -29 + 14 - -8 - (7 + 2 + -3).
-13
What is the value of -28 - -4 - -12 - -27?
15
Evaluate (32 - 16) + -28 - -4.
-8
-10 - (21 + -10 + 8) - -7
-22
Calculate -9 - (-18 + 3 + (-38 - -45)).
-1
Evaluate (12 - 2 - 1) + 86 + -85.
10
What is 3 + -22 + 5 + (0 + 12 - 6)?
-8
Evaluate (-5 - -3) + 16 + -10 - (1 + 0).
3
Evaluate 1 - 2 - 6 - (-36 - -43) - 1.
-15
What is the value of 1 + 5 + -20 - (5 + -8)?
-11
What is -8 + -17 - -2 - 9?
-32
2 - (-8 - (-24 - -22))
8
4 + 1 + (-6 + 3 - 6)
-4
What is (-136 - -119) + (0 - 3) + 4 + 4?
-12
What is 2 + 4 + (10 - 8 - 15) + 7?
0
Calculate (-1 - -14) + 10 + 2 + (7 - 18).
14
What is the value of 1 + 5 + 284 + -293 - 21?
-24
Calculate 15 + -5 + -4 - (15 + 0).
-9
-41 - (1 - 59) - 7
10
-14 + (-3 + 7 - 13 - -12 - 3)
-14
What is -2 + 5 - (2 - -19 - (3 + 7))?
-8
6 + -19 + -2 + -3 + 6
-12
What is the value of -7 + (7 + -14 - -2) + 0?
-12
Evaluate (-3 - -11) + -155 + 145.
-2
Calculate 571 + -596 - (-40 - -2).
13
Calculate 0 + 24 + (2 - 3) + (44 - 33).
34
Calculate (-16 - -2) + 1 + -55 + 48.
-20
(-2 - -7 - (-5 - -38 - 11)) + 4
-13
What is -2 - (7 + (-2 - -3) - -3)?
-13
-15 + (9 - 7) + 25
12
What is the value of 5 - (-1 - 3 - (-5 - 14))?
-10
What is the value of (3 + -4 - 0) + 14 + -6 + -13?
-6
What is 10 + 12 + (3 - 6 - -9) + -8?
20
What is 15 - (-7 - -20) - (26 - (0 + 4))?
-20
Calculate -24 + 6 + 24 - (3 + -9 + -2).
14
What is the value of 7 - (-1 + 4 + -5 + 7)?
2
-694 + 684 - (-22 + 3 - -2)
7
What is (0 - -1) + 8 + (-12 - -8)?
5
What is the value of -2 + 12 + (6 - (-3 + 0 - 0))?
19
-11 + ((-6 - -6) + 1 - -2) + 2
-6
-4 + -1 + 19 - (-4 - (-5 + -6))
7
-22 - ((-34 - -13) + 19)
-20
44 + -5 - 36 - (0 + -11)
14
Calculate -6 - (-2 - (1 + (21 - 11) + -18)).
-11
Calculate (-10 - (18 + -40)) + -20.
-8
-6 + (-22 - -21) + -2 + -1 + 12
2
What is the value of -11 - (8 + (-29 - -5))?
5
What is the value of (20 - -22) + (1 + 1 - 9)?
35
Evaluate -1 + -5 - (-60 - -43).
11
What is the value of 5 - (14 - 14 - -14) - 14?
-23
What is -29 + 16 + 27 - 17?
-3
Evaluate 26 - (-4 - (16 - 14 - 19)).
13
What is 4 + 4 + -27 - -1?
-18
Calculate (129 - 112) + (1 - 10) + -4.
4
-2 + (6 + (-3 - 4) - (-1 - -7))
-9
Calculate -11 + -12 + 30 + 4.
11
Evaluate (6 + (-1 - 1) - 1) + 1170 + -1192.
-19
Evaluate 3 + (-100 - -100 - (-12 + (0 - 0))).
15
What is (-513 - -512) + (0 - 2)?
-3
What is the value of (1 - 4) + 10 - (43 - (0 + 22))?
-14
Calculate 41 - 55 - (5 + -1 - 12).
-6
Evaluate (-68 - -52) + -1 + 8 + -1.
-10
(11 - (2 - 4)) + (-8 + 3 - 3)
5
What is -19 + 2 - (-5 + -3 + 4)?
-13
What is the value of -20 - ((-20 - -21) + -25)?
4
Calculate 8 + -15 + 25 + -12.
6
What is the value of 18 + (6 - (15 - -3))?
6
What is the value of -3 - (-1 + 2 + 2 + 6)?
-12
What is 22 + (-12 + 0 - (-11 + 2))?
19
Calculate (-3 - (11 - 6)) + -11 + (-7 - -9).
-17
8 + 4 + -23 + -5 + -1
-17
What is -10 + 4 + (18 - 5)?
7
What is the value of -10 + 3 + (-6 - -11 - 6)?
-8
What is -6 + (11 - (8 - 19 - 6))?
22
Calculate (105 - 101) + (-1 - 3).
0
What is the value of -28 - (10 + -19 + -6)?
-13
1 - -1 - ((8 - 14) + 14) - -15
9
What is the value of 19 + 10 + -37 + 0 + -2 + 3?
-7
Evaluate (17 - 16 - (-4 + -3)) + -19 + 0.
-11
-4 - ((14 - 25) + 8 + 15)
-16
What is the value of -2 + -11 + 45 + -24?
8
9 + -14 + 6 + 8 + -16 - -30
23
What is 4 + -8 + (-13 - -14)?
-3
1 + (44 - 17 - 18)
10
Calculate -8 + 33 - (17 - -7).
1
What is 6 - -1 - (-34 + 32)?
9
7 + (4 - 5) + 3 + -4 + -4
1
Evaluate (9 - 2 - 4) + 12 + -13.
2
29 - ((-97 - -110) + -13 + 3)
26
Calculate (6 - 16) + 11 + -7.
-6
What is -28 + 27 + (0 - 5)?
-6
Calculate 9 + -6 + -5 - (-8 + 1).
5
Evaluate (-26 - 6) + 26 - (-3 - (-3 + 13)).
7
Calculate 9 - (12 - -13 - 14) - (-3 + -1).
2
What is the value of 16 + (7 + 1 + -6 - -10)?
28
Evaluate 0 - (-2 + (-11 - -16)) - 6.
-9
What is the value of 156 - 166 - ((-5 - 0) + -12)?
7
Calculate 0 + 23 + (-2 - (5 - -8 - 18)).
26
What is -8 + (0 - -4) - -3 - -19?
18
What is 1 - -4 - (141 - 118)?
-18
Calculate 15 + -1 - (295 + -272).
-9
Calculate 11 - (32 + -71 + 40).
10
What is the value of 41 + -49 + (1 - 5) - 9?
-21
What is (0 + -3 - (-15 + 17)) + 6 + 0?
1
0 + -4 + (385 - 385)
-4
Calculate (15 - -2) + 13 + -17 + -1.
12
What is the value of 14 + (-5 - (-7 - -12)) - -7?
11
What is the value of 5 - (21 + (-12 + -1 + 9 - 7))?
-5
Calculate -10 + 1 - (65 - 66).
-8
Evaluate (3 - 2) + -88 + 64 + (1 - -4).
-18
What is the value of 27 + (-14 - (1 + 5 + -15)) + -4?
18
-3 + (0 - -5) - (-53 - -45)
10
Evaluate 0 - -13 - (12 + (-11 - -23 - 23)).
12
What is the value of (-2 - 0) + 7 - (-937 + 929)?
13
What is the value of 10 + (137 - 129 - (2 - 3 - -42))?
-23
(16 - (18 - -10)) + -9
-21
What is 35 + (45 - 82) + (23 - 0)?
21
Calculate (0 - (-7 + 0)) + (-37 - (-41 + 9)).
2
Evaluate (5 + (-2 - -2) - (-77 + 77)) + -23.
-18
What is 1116 - 1142 - (-7 - (1 + 0 + -3))?
-21
Calculate 18 + 30 + -33 - 22.
-7
What is (-132 + 118 - (-1 + -10)) + 10 + 10?
17
(-52 + 95 - 50) + -1 + -3
-11
Calculate 18 + -9 + (-5 - -5 - 4).
5
What is 1 + -2 - (-37 - -38 - (3 + -2))?
-1
Evaluate 1 + (12 - 23) + 3 + 2.
-5
Evaluate -4 + (28 - 30) + (3 - -7).
4
What is -3 + 7 + -8 + 27 + 0?
23
Evaluate 2 - ((-7 - -5) + 6 + 1).
-3
What is the value of -7 - (34 + -38 - (0 - 9))?
-12
What is the value of 7 - ((10 - (8 + -1)) + -9)?
13
(4 - -1) + (35 - 33) - (10 - -1)
-4
Calculate -1 + (10 - (-2 + 7)) - -3 - 17.
-10
-3 + -7 + 11 + 9 - 14
-4
17 + -7 + 2 + (1 - -3) + -2
14
What is the value of (1 - -27) + -12 - 25?
-9
What is the value of (-30 - -69) + -29 + 0 + 0?
10
Evaluate (-1 - (-2 - -1)) + (-9 - (-1 - -13)).
-21
What is the value of 23 - 5 - (116 - 102)?
4
